cc88?
10323
In base 3, what is -2121120222111110 - 1?
-2121120222111111
In base 8, what is -146161 - 532?
-146713
In base 13, what is 3 + -31917b?
-319178
In base 12, what is 1182 - 123b?
-79
In base 15, what is -9a1 - b248?
-bbe9
In base 9, what is -38557 + 16403?
-22154
In base 4, what is -20122130201 - 11000?
-20122201201
In base 13, what is -a4ba + -77?
-a564
In base 2, what is 110000000110110000 + 11100000?
110000001010010000
In base 12, what is -7711a9 - 34?
-771221
In base 15, what is -5 - -210ab0?
210aaa
In base 4, what is 23121322030 - -1?
23121322031
In base 10, what is 45 + 204715?
204760
In base 11, what is 3169817 - 8?
316980a
In base 15, what is 22dbd8 - -22?
22dc0a
In base 15, what is 3e4c3b0 + 4?
3e4c3b4
In base 13, what is -5 - -8a8ccb4?
8a8ccac
In base 3, what is -2022022 + -221211212012?
-221221011111
In base 2, what is 1011001000110 - -101000?
1011001101110
In base 12, what is -1 + 1a4690?
1a468b
In base 8, what is 4461117 + -1?
4461116
In base 13, what is -1248b + -2263?
-14721
In base 6, what is -32032 - -52400?
20324
In base 9, what is -1515051 - 1161?
-1516222
In base 12, what is -369597 - 62?
-369639
In base 10, what is 50204 + 1114?
51318
In base 12, what is -b9a + -2503?
-34a1
In base 15, what is 20 + bbe5?
bc15
In base 3, what is -2002111122201211000 - -2?
-2002111122201210221
In base 2, what is 111011010000101101101 + -10111?
111011010000101010110
In base 15, what is a - 59bd8ee?
-59bd8e4
In base 11, what is 4 - 4a7a8169?
-4a7a8165
In base 7, what is -12465 - -116261?
103463
In base 14, what is 354c23a - -3?
354c23d
In base 5, what is 234243 - 13401?
220342
In base 10, what is -13 + 130604?
130591
In base 4, what is -10 + 100330111011?
100330111001
In base 12, what is -8551052 - 29?
-855107b
In base 9, what is -6171255 + -2?
-6171257
In base 2, what is 1011001001110111100110 + -11100?
1011001001110111001010
In base 10, what is -21990 + -141?
-22131
In base 15, what is 4b67a + 1160?
4c7da
In base 9, what is 8821827 + 127?
8822055
In base 15, what is 6 - 3c98b8?
-3c98b2
In base 4, what is 30001101323233 + -3?
30001101323230
In base 3, what is -1000100 + 2101122210?
2100122110
In base 5, what is 31200 + -22001233?
-21420033
In base 2, what is -100010001011000100 - 1001?
-100010001011001101
In base 12, what is -146a - 3966?
-5214
In base 15, what is -55c5 + c55?
-4870
In base 7, what is 1101402 - 444?
1100625
In base 14, what is -7b5d8b9 + 4?
-7b5d8b5
In base 4, what is 11 + 3120121110032?
3120121110103
In base 15, what is 22c1ed - -7?
22c205
In base 11, what is 133 - 26640?
-26508
In base 8, what is -27 + 3062612?
3062563
In base 10, what is 5 - -94316651?
94316656
In base 4, what is -120121333011 + 303?
-120121332102
In base 2, what is -11 - -10100010010111100000001?
10100010010111011111110
In base 11, what is -77 + 4072?
3aa6
In base 3, what is -1 + -121001111120112?
-121001111120120
In base 9, what is 81 + -4272650?
-4272558
In base 14, what is 3073c - -1c?
3075a
In base 15, what is -2d5091 + 0?
-2d5091
In base 13, what is 40a694 - -5?
40a699
In base 11, what is -289303 - 2?
-289305
In base 3, what is 121001200022211 - -11?
121001200022222
In base 14, what is cc57 + -23?
cc34
In base 10, what is -11 - 1925797?
-1925808
In base 16, what is -3a77b07 + -5?
-3a77b0c
In base 13, what is -404 + 2215a?
21a56
In base 9, what is -2805 + -554874?
-557780
In base 14, what is -d1ab + -b840?
-1aa0b
In base 13, what is c9 + -430?
-334
In base 7, what is 4 - -6313011?
6313015
In base 16, what is 1 + 9d0a81?
9d0a82
In base 6, what is -40 + 5224313?
5224233
In base 2, what is 10011101111001111000 - -11011?
10011101111010010011
In base 14, what is 12 - 119c4c6?
-119c4b4
In base 14, what is -5 + -17c78dc?
-17c7903
In base 14, what is -96776 - -27c?
-964d8
In base 8, what is 35264533 - -22?
35264555
In base 4, what is -20 + -3103232021?
-3103232101
In base 2, what is 1100001100111 + 10000000000?
1110001100111
In base 12, what is -32 - -ba9138?
ba9106
In base 10, what is 110986 + -570?
110416
In base 2, what is -100 - -1000100101010110110110010?
1000100101010110110101110
In base 13, what is -45a1b + 1c93?
-43a58
In base 8, what is -361374 + 22135?
-337237
In base 13, what is -a + -229763?
-229770
In base 7, what is 1100 - -43406642?
43411042
In base 7, what is -35052541 + 0?
-35052541
In base 2, what is 10 - 10001000110010001001010?
-10001000110010001001000
In base 8, what is -251 + 71164?
70713
In base 7, what is -1644462244 - -12?
-1644462232
In base 2, what is -10 - 110000111000011100100?
-110000111000011100110
In base 2, what is -1010101101101011000100011100 - 10?
-1010101101101011000100011110
In base 11, what is -147 + 273261?
273115
In base 5, what is 10 + 113400144330?
113400144340
In base 7, what is 12451651 + 121?
12452102
In base 8, what is 1 + 2131441?
2131442
In base 13, what is -21 - -7a7cbc0?
7a7cb9c
In base 10, what is 9344910 + -13?
9344897
In base 11, what is 170118462 + 2?
170118464
In base 16, what is 74aa9 - -3c?
74ae5
In base 7, what is 3 + -3604534351?
-3604534345
In base 9, what is 3567203 - 5?
3567187
In base 13, what is 303 - -47?
34a
In base 11, what is -663a4 + -5a?
-66453
In base 16, what is 7 - ee2d4?
-ee2cd
In base 12, what is -13020320 + -17?
-13020337
In base 11, what is -268205a5 - 5?
-268205aa
In base 4, what is 10123021 - -10321?
10200002
In base 13, what is -292250b - -4?
-2922507
In base 11, what is 500a6686 + 5?
500a6690
In base 15, what is -1240a4 + 39?
-12406a
In base 5, what is -3043204114 - 3?
-3043204122
In base 3, what is 20 + -12011020021210?
-12011020021120
In base 12, what is -2492 + -34400?
-36892
In base 2, what is -1000011100101001000011 + -11?
-1000011100101001000110
In base 13, what is -3b1862 + -b6?
-3b1948
In base 11, what is a04 - -343500?
344404
In base 3, what is -100120012022 - 1010020?
-100121022112
In base 7, what is -10520651 + 4?
-10520644
In base 8, what is 14 + -421453?
-421437
In base 13, what is -c287 - -a81?
-b506
In base 8, what is 2167 - 55322?
-53133
In base 9, what is 5408 - 2311?
3087
In base 4, what is -212 - 122011303000?
-122011303212
In base 10, what is -4 + -129612840?
-129612844
In base 2, what is 10010000 - -1001101111011110?
1001110001101110
In base 15, what is 90cd11 + -3?
90cd0d
In base 11, what is -9 + -548994?
-5489a2
In base 14, what is -2885bd6 + a?
-2885bca
In base 8, what is 1511 + -3020375?
-3016664
In base 9, what is 1618213632 - 4?
1618213627
In base 16, what is -1 - 9292c?
-9292d
In base 8, what is -452 + 2457632?
2457160
In base 13, what is -8b22 + a206?
13b4
In base 6, what is -140 - -22200?
22020
In base 14, what is -2b1b7 - -134?
-2b083
In base 2, what is 100010100000 - -110100001010010011?
110100101100110011
In base 11, what is -361 - -56590?
5622a
In base 3, what is 2 + -10101220010222?
-10101220010220
In base 16, what is -181d + -13b9?
-2bd6
In base 10, what is 0 + -13105605?
-13105605
In base 4, what is 13000212200 - -11?
13000212211
In base 13, what is -37258c + c?
-372580
In base 11, what is -696266a - 18?
-6962687
In base 2, what is 10000111000010010001001001 - 110?
10000111000010010001000011
In base 5, what is -130 - -133012313?
133012133
In base 4, what is -2110232 - -30332?
-2013300
In base 10, what is 1815043 + -2?
1815041
In base 3, what is 12020222 + 2002012?
21100011
In base 2, what is 100 - -10100011101111111000000011100?
10100011101111111000000100000
In base 12, what is 3799 + 320a?
69a7
In base 5, what is -140400412 + -13?
-140400430
In base 9, what is 2103 - 376065?
-373862
In base 10, what is -766060 - 20?
-766080
In base 7, what is -120505 + 162?
-120313
In base 5, what is -40111 - 2143341?
-2234002
In base 12, what is -6646570 - 2?
-6646572
In base 5, what is -3124443 - 241?
-3130234
In base 6, what is -1104 - -43500?
42352
In base 7, what is -5 - 1550142051?
-1550142056
In base 6, what is 4 - -3304331443?
3304331451
In base 8, what is 47 - 236452?
-236403
In base 15, what is -3 - -2e4e56?
2e4e53
In base 13, what is -683b61b9 + -3?
-683b61bc
In base 6, what is -152103 - 12032?
-204135
In base 10, what is -10592 - 18576?
-29168
In base 12, what is -87 + 5b07?
5a40
In base 7, what is 3 - -1014233003?
1014233006
In base 12, what is b7a9 + 5320?
14b09
In base 15, what is -ca7 - -a518?
9761
In base 6, what is -1 - -23405